 - 10 = 0. Is i a prime number?
True
Let j(c) be the third derivative of 1219*c**4/24 + 33*c**3/2 - 5*c**2 - 16. Is j(10) prime?
True
Let s be (-3457)/(-1) + -1 - 7. Let j = s - -450. Is j composite?
True
Let r(a) = 3621*a + 565. Is r(2) a prime number?
False
Is (-13)/4 - -3 - 631892/(-16) composite?
True
Is (-1)/(-2) - 9810567/(-142) prime?
False
Suppose 2*w + 5 = 3*w, -4*u = -4*w - 39864. Is u/52 - (-3)/(-4) composite?
False
Is (1226370/(-18))/(2/(-6)) composite?
True
Suppose 483227 = -15*b + 12*b + 22*b. Is b a prime number?
False
Let b(f) = 2*f**2 + 41*f - 25. Let o be b(-21). Let v(m) be the second derivative of -14*m**3 - 29*m**2/2 - 3*m. Is v(o) a prime number?
True
Suppose -6*o = 3577 + 2789. Let d = o + 3802. Is d a composite number?
False
Suppose 0*m = 3*b + m - 5, -3*m - 1 = b. Let w be 0/(-19)*1/b. Suppose k - 3*k + 20 = w. Is k a prime number?
False
Suppose -1038 = -0*x + 6*x. Let i = 258 + x. Suppose y - i = 2*l, l = 4*y + 5*l - 388. Is y prime?
False
Let u(l) be the first derivative of l**2/2 - 16*l + 11. Let s be u(16). Suppose -215 = -5*a - s*a. Is a a prime number?
True
Let x(b) = 8*b**2 + 18. Let f be x(3). Suppose 2*s = -k - 2, 0*s = -k - s. Suppose 44 = k*v - f. Is v composite?
False
Suppose 4*b - 233645 = a, 844*b - 4*a = 841*b + 175263. Is b prime?
False
Suppose -4*m = 141*q - 138*q - 4359843, -2906585 = -2*q + 5*m. Is q prime?
False
Let a(w) = -w**3 + 3*w**2 + 7*w - 7. Let c be a(-5). Suppose 0 = c*k - 153*k - 30635. Is k a prime number?
False
Suppose 10*z - 26 - 4 = 0. Suppose 3*t + 3305 = q, -q - t = -z*q + 6600. Is q a composite number?
False
Suppose -3*x - u + 9 = 0, 0 = x + 5*u - u - 3. Is (-2 - -12897)/(1/(x/3)) prime?
False
Let g(u) = -120*u - 43. Let z be g(5). Let l = z - -315. Let j = l + 969. Is j a prime number?
True
Suppose -4*q - 4*z + 88892 = z, 2*z = q - 22223. Let f = q - 9076. Is f prime?
True
Let s = -351783 - -2886598. Is s a prime number?
False
Let b = 324 - 178. Let o = 3579 - b. Is o composite?
False
Suppose -8*r + 3*r = 20, -2*b = 2*r - 86996. Suppose -2*i = -0*i + 2*w - b, -3*w - 87011 = -4*i. Suppose -7*p + i = p. Is p composite?
False
Let m = 440 + -435. Suppose 5*y = m*p - 830, 0 = -y - 7 + 2. Is p composite?
True
Suppose 0*q - 2297 = -4*q - 5*z, 1171 = 2*q - 5*z. Let k = 785 + q. Is k composite?
True
Let x(p) = 366*p**3 - 40*p**2 + 384*p + 29. Is x(14) a composite number?
True
Let h = 143017 - 58148. Is h composite?
False
Suppose -b + 3*b + 4 = 3*l, 20 = 5*b. Is (-3)/(78155/(-19535) + l) prime?
True
Suppose -13*f - 2*f + 270 = 0. Is 193482/30 - f/45 a composite number?
False
Is 2/25 + (-54)/(-63)*(-202293896)/(-400) a composite number?
True
Let d be (38 - 29) + 2 + -6. Suppose -966 = d*n - 3511. Is n a prime number?
True
Let d(z) = 150*z**3 + 17*z**2 - z + 19. Let f(i) = 50*i**3 + 6*i**2 - i + 6. Let l(r) = -3*d(r) + 8*f(r). Is l(-4) prime?
True
Let s be -2*1*(-5)/((-20)/(-8)). Suppose 5*b - h + 0*h - 14 = 0, -9 = -s*b + 3*h. Suppose b*v = v - 3*w + 1077, 5*w - 2153 = -4*v. Is v a composite number?
True
Suppose -6*h + 0*h = -12. Suppose -2*k + 5 = 3*w, -k = h*k - 3*w. Is 178995/60 - k/4 a composite number?
True
Let t be (-33)/(-55) - (-28)/(-5). Let x be t*-3*(-1)/(-5). Suppose -p + 1635 = -0*p + 2*o, -3*o = x*p - 4908. Is p prime?
True
Let o(k) = -309*k**2 - 10*k - 8. Let g be o(-1). Let u = g + 10670. Is u a prime number?
False
Is (-415236)/(-10)*(-33)/((-1914)/145) a composite number?
True
Let o(r) be the second derivative of 805*r**3/6 - r**2 - r + 14. Is o(1) composite?
True
Suppose -3*u + 3*l = -13626, 18*u - 15*u + 3*l - 13644 = 0. Let t = u + -3146. Is t prime?
True
Let y(n) = -136*n**3 - 2*n**2 - 7. Let b(i) = -i**3 - 5*i**2 + 4*i - 7. Let z be b(-6). Suppose 4*j + 40 = -j - 5*o, -z*o - 28 = j. Is y(j) prime?
False
Let t(v) = 389*v**2 - 32*v + 194. Is t(7) prime?
True
Let i be (-622535)/(-15) - (-2)/3. Suppose 261492 = 35*z - i. Is z a composite number?
True
Suppose -2*k + k + 2*p + 18 = 0, 2*k - 3*p = 32. Suppose -k*l + 388725 = 80035. Is l composite?
False
Let q be (2 - 8)*4/(-12). Suppose i + 0*i = q*i. Suppose 2*l - 163 - 19 = i. Is l a composite number?
True
Suppose -60*p + 232*p - 774262 = 28045542. Is p a prime number?
False
Let v be 3*-1*(-11 - -10). Suppose v*l + r + 0*r - 9 = 0, 2*r = -l + 8. Suppose -l*n + 757 + 409 = 0. Is n composite?
True
Let h(k) = 155*k**2 - 4*k + 4. Is h(9) a prime number?
False
Suppose -9*w + 39 - 12 = 0. Let s be (30/20)/(w/8). Is 421 + 1/(-2)*s composite?
False
Suppose 0*j - 3*j - 21117 = 0. Is (-132 + 133)/((-1)/j*1) a prime number?
True
Let n = -35615 + 56046. Is n prime?
True
Suppose 0 = -3711*o + 3476*o + 6013885. Is o a prime number?
False
Suppose 0 = -22*n - 3*n. Suppose 12*m - 11*m - 187 = n. Is m composite?
True
Is (-1026262)/(-5)*((407/(-22) - -9) + 12) a prime number?
True
Let n(c) = -c**3 - 19*c**2 + 38*c - 10. Let y be n(-21). Let q = -69 + y. Suppose z - 2*b + q*b - 1210 = 0, 2*b = z - 1225. Is z a composite number?
True
Let m(o) = 1 + 11*o**3 + 0 - 4*o**2 - 3*o + 2. Let p = -1155 - -1159. Is m(p) a prime number?
True
Is 46/(-1035)*15 - 387430/(-6) a prime number?
False
Let r(d) = -10*d**3 + 15*d**2 + 11*d + 12. Let z(q) = -q**3 + q**2 + 1. Let s(o) = -r(o) + 6*z(o). Let f be s(-6). Is 42/(-4)*f/36 composite?
True
Suppose 5*w - 5*d = 263 - 1023, w = 5*d - 160. Let s = w + 42. Is 1/(s/(-105) + -1) a prime number?
False
Let t(z) = -29*z**3 + 10*z + 57 - 24*z**3 + 3*z**2 - 28 + 14*z**3. Is t(-6) prime?
True
Let y = -84 - -89. Suppose 0 = 4*p - 4, -y*p + 5188 + 5935 = 3*n. Suppose 421 + n = z. Is z prime?
True
Let q(d) = -d**2 + 1. Let a(h) = -94*h**2 + 22*h + 48. Let w(o) = -a(o) + 5*q(o). Is w(-6) composite?
True
Let z be 681/(-12)*(24 - 0)/(-2). Suppose 2*k + z = 2285. Suppose 6*r + 4*w - 1564 = 2*r, 3*w = 2*r - k. Is r prime?
False
Let w(s) = 28*s**3 + 34*s**2 - 18*s + 121. Is w(26) a composite number?
True
Suppose 18 = -2*z - z + 3*m, -3*z - m = 34. Is 5/z*-2734 - 1*4 a prime number?
False
Suppose 0 = -14969*c + 14966*c + 290133. Is c a prime number?
False
Let v = 344146 - 20135. Is v a composite number?
False
Let z(x) = -x**2 + 26*x + 846. Let s be z(0). Suppose -3989 = 5*v - 3*r, 2*v + 7*r + 1583 = 4*r. Let f = s - v. Is f prime?
False
Let j be 16/(-32) - (-19238)/4. Suppose -6*r = -j - 7419. Is r a prime number?
False
Let b(t) be the third derivative of 0*t + 0*t**5 + 0*t**4 + 1/6*t**3 + 16*t**2 + 0 + 27/40*t**6. Is b(1) a prime number?
False
Let k = 7380 + 7384. Let i = 33441 - k. Is i composite?
True
Suppose 3*q - 16 = 7*q. Let h be (-2)/(-2) + q - -7*1. Suppose -g = 5*v + 4*g - 325, -h*g = -3*v + 209. Is v composite?
False
Suppose 44*c - 41*c = -24. Let o(y) = -211*y - 9. Is o(c) composite?
True
Let d(r) = -r**2 + 2*r + 72. Let p be d(8). Suppose x + p*f - 1713 = 29*f, 3*f = 5*x - 8477. Is x composite?
False
Let v = -1416 - -4209. Suppose 6*k = 729 + v. Is k prime?
True
Let v = 84050 + -52383. Is v composite?
False
Suppose 0*o = 6*o - 2*i - 310274, 2*o = 4*i + 103418. Is o a prime number?
True
Suppose 59*i - 562112 - 221412 = 135165. Is i a composite number?
True
Let o = 17623 + -41085. Let c = o - -35511. Is c composite?
False
Let t be 38/95 + 326/10. Let x be 25/(-200) - t/(-8). Suppose -4*h + 732 = -x*j, h + 2*j = -j + 167. Is h a composite number?
False
Suppose -2*c + 5406 = -5990. Let h = -1440 + c. Is h a prime number?
False
Suppose 9*b - 1376 = 55. Is (141/9 - 8)*b a prime number?
False
Let t be (-1 + 2)*(-20)/(-4). Let z be 5*t/(75/636). Let l = -67 + z. Is l prime?
False
Let m(z) = 9*z + 12. Let f be m(0). Let d(r) = r**3 - 12*r**2 + 13*r - 18. Let y be d(f). Suppose -3*t + 2*o = -y, 0 = t - 4*t - 5*o + 138. Is t composite?
True
Suppose -8*g - 26 = 14. Is (g/(-110)*11)/(1/4298) composite?
True
Let y = -68 + -5. Let g = 81 + y. Suppose -5*c = -g*c + 9. Is c composite?
False
Is (-63)/(-42)*(-89142)/(-9) composite?
True
Suppose w = -106*w + 199537 + 462472. Is w composite?
True
Let k(r) = -r**3 + 22*r**2 - 2*r + 49. Let j be k(22). Suppose -10 = -j*s, -2*x + 4*s + 766 = 8*s. Is x composite?
False
Is 3/8 + ((-1)/(-6) - 132296384/(-1536)) composite?
False
Let u be (-29008)/(-10) + 17/85. Suppose -215*p + u = -212*p. Is p a prime number?
True
Suppose 0 = 6*m - 29 + 29. Suppose m = 13*k - 9 - 43. Suppose -1681 = -k*o - 